base 12) to base 6.
52011341
What is -21140a (base 11) in base 3?
-122012102120
Convert -70640 (base 10) to base 14.
-1ba5a
What is -fae5e (base 16) in base 6?
-34005434
Convert 22202022211020 (base 3) to base 13.
c6b34c
What is 1130231232 (base 6) in base 3?
212202000002102
What is 1314814 (base 9) in base 16?
af786
What is 11010000111110011 (base 2) in base 16?
1a1f3
110000110101101001101 (base 2) to base 9
3008217
Convert 28212 (base 14) to base 4.
120031320
What is 6ad9 (base 14) in base 13?
861c
Convert -6bcb41 (base 15) to base 2.
-10011101010110101000001
Convert 21121356 (base 7) to base 13.
4a742c
-4370153 (base 9) to base 15
-315ecc
Convert 22301201332 (base 4) to base 12.
b4253a
Convert 163421 (base 10) to base 14.
437ad
Convert 50a6092 (base 11) to base 2.
100010011000010001001110
Convert 14233 (base 11) to base 5.
1121433
What is 3542354 (base 8) in base 15?
141bcb
-3931903 (base 10) to base 5
-2001310103
What is -1000011100001110101001 (base 2) in base 4?
-20130032221
Convert 13451133 (base 6) to base 14.
bcb73
Convert -344554 (base 7) to base 8.
-170361
Convert -14aa09 (base 11) to base 16.
-392a0
Convert 423510 (base 10) to base 11.
26a20a
Convert 42187a6 (base 12) to base 2.
101111100110001101101110
Convert -a61b (base 12) to base 15.
-55b2
What is 427ab (base 12) in base 9?
143065
Convert 333614 (base 7) to base 13.
20ab3
What is 77467 (base 10) in base 9?
127234
What is 318dfb (base 16) in base 12?
11074a3
What is 114411211 (base 5) in base 13?
160b2c
Convert -102212211020200 (base 3) to base 9.
-12784220
What is 33443130 (base 5) in base 2?
1001000011011011001
Convert -28b704 (base 14) to base 11.
-886842
What is -2425220 (base 6) in base 10?
-128172
-3535 (base 10) to base 15
-10aa
Convert -541240 (base 6) to base 2.
-1010110101011000
What is -13405060 (base 7) in base 5?
-304323400
What is -153a198 (base 11) in base 12?
-a70571
Convert -3231125 (base 6) to base 12.
-784a5
What is 3205365 (base 7) in base 16?
5ed76
Convert 264313 (base 13) to base 3.
1201220110221
Convert 522300 (base 6) to base 16.
a41c
What is 33a693 (base 12) in base 3?
1120000101010
Convert -231305 (base 11) to base 6.
-11514232
What is 743224 (base 12) in base 14?
359016
Convert 9a05b9 (base 13) to base 6.
205433232
What is -320004212 (base 5) in base 4?
-11010120222
Convert 27a7 (base 16) to base 5.
311101
What is 51339 (base 10) in base 3?
2121102110
What is 2431003131 (base 5) in base 10?
5719166
Convert -100800 (base 9) to base 12.
-2a669
Convert -11022102121222 (base 3) to base 7.
-25323233
What is 14135245 (base 6) in base 16?
750ad
Convert -112510134 (base 6) to base 11.
-11aa637
-22221011 (base 3) to base 16
-196f
What is -2578701 (base 12) in base 10?
-7376113
What is 100010000111001000 (base 2) in base 6?
2554504
2105042 (base 6) to base 10
102194
Convert 4020434 (base 6) to base 10.
189382
Convert -233641 (base 9) to base 15.
-2b961
Convert -1011131323 (base 4) to base 14.
-759a3
Convert -10233012011 (base 4) to base 16.
-12f185
-100000110110110110 (base 2) to base 4
-200312312
What is 7c037 (base 13) in base 3?
102111110212
Convert 29261 (base 11) to base 13.
15bc9
Convert -1000010101001101000100 (base 2) to base 7.
-24364234
-102134423 (base 5) to base 14
-b1b0c
What is 2607b7 (base 16) in base 10?
2492343
What is -1b6c93 (base 13) in base 2?
-10101011000101111010
4331430 (base 6) to base 13
76674
What is -29543a (base 11) in base 14?
-c0045
What is 310422211 (base 5) in base 4?
10310212320
110100101110000110010 (base 2) to base 7
20453361
What is 2313514 (base 8) in base 7?
5225345
21203334 (base 5) to base 13
633a0
Convert 29dd60 (base 14) to base 3.
2202011022211
What is 111372 (base 12) in base 4?
1002113012
Convert -1011100101000010 (base 2) to base 11.
-326a5
34666044 (base 7) to base 3
12202101120010
1e512 (base 16) to base 7
1025015
21111200000 (base 3) to base 11
a1003
What is 215f6 (base 16) in base 5?
13333234
What is -2478209 (base 11) in base 13?
-b77700
Convert 1001110011001111100011 (base 2) to base 11.
14a52a5
-1000202012100200 (base 3) to base 14
-1d5c117
What is -165364 (base 10) in base 12?
-7b844
What is -20021001202 (base 3) in base 11?
-84664
What is -2133003 (base 5) in base 16?
-8f14
Convert 4529fe (base 16) to base 6.
241052514
What is 3b506 (base 12) in base 8?
240026
What is -1c580 (base 15) in base 9?
-150633
Convert 15b82 (base 14) to base 4.
31102012
Convert -110102240 (base 6) to base 13.
-53b917
Convert 47386b (base 12) to base 6.
40325415
Convert 6b4024 (base 13) to base 8.
11565733
12021220122 (base 3) to base 13
38561
-638a9a (base 12) to base 6
-53355114
What is -7a243 (base 14) in base 10?
-296803
What is -4104717 (base 8) in base 15?
-166220
-74910 (base 10) to base 14
-1d42a
What is 1167b89 (base 12) in base 4?
30313133121
Convert d33846 (base 14) to base 15.
958a4c
What is -1010110110110010 (base 2) in base 3?
-2020222220
113303002 (base 4) to base 3
11221201011
What is 796b (base 13) in base 10?
16989
341042103 (base 6) to base 15
82a403
Convert 150053402 (base 7) to base 3.
200121202102012
What is -400431 (base 8) in base 16?
-20119
What is 54635 (base 13) in base 14?
3d8b9
What is 10222011210102 (base 3) in base 14?
3ccb1d
Convert -3355003 (base 6) to base 4.
-221231223
Convert 101110101011 (base 3) to base 11.
130729
Convert 23202454 (base 7) to base 13.
5630b3
Convert 101021111122 (base 3) to base 10.
202301
Convert 11323101021 (base 4) to base 14.
2c61cd
Convert 31a566 (base 12) to base 3.
1110220020120
Convert 27a64a (base 13) to base 11.
5aa491
Convert -7455b6 (base 13) to base 15.
-38c74e
Convert -101212210110222 (base 3) to base 9.
-11783428
What is 1001001010110101011 (base 2) in base 16?
495ab
Convert -1c0d5 (base 16) to base 14.
-2dc33
Convert -447a0b (base 14) to base 6.
-121505055
-1016100 (base 8) to base 11
-174428
40130602 (base 8) to base 12
29a8996
3313341 (base 7) to base 11
258847
Convert -2183a59 (base 12) to base 2.
-11000011000111000100101
What is -95d70 (base 15) in base 14?
-c5426
What is 363701 (base 9) in base 10?
219268
2531835 (base 9) to base 2
101010000101110010011
-11122011210122 (base 3) to base 11
-1433167
What is 24205125 (base 7) in base 11?
1240705
8135e (base 16) to base 4
2001031132
Convert 401014101 (base 5) to base 3.
2222020100201
10202222111 (base 3) to base 6
1332104
Convert 22240010 (base 5) to base 3.
100222012201
-430153 (base 7) to base 2
-10010001100010110
10110101100111011 (base 2) to base 7
535046
432410002 (base 5) to base 15
265852
1c2175 (base 13) to base 4
2233131130
What is 53633630 (base 7) in base 4?
101132023103
-11552041 (base 6) to base 13
-10067b
What is 10341644 (base 8) in base 2?
1000011100001110100100
Convert -733631 (base 8) to base 3.
-110101011120
Convert c663c6 (base 15) to base 2.
100100000000000010110001
What is -2450 (base 14) in base 11?
-4846
11010101000100100000 (base 2) to base 12
361080
What is -1110101111101000101 (base 2) in base 12?
-1b3719
Convert -35622 (base 9) to base 4.
-11310122
Convert 111210011212 (base 3) to base 10.
271319
Convert 11001001111001000010 (base 2) to base 7.
10012631
What is 1312133011 (base 4) in base 13?
13cb91
What is -158dd (base 15) in base 10?
-69508
What is 814236 (base 10) in base 11?
506825
What is 11260456 (base 7) in base 6?
33112441
What is 10ba23 (base 12) in base 16?
41bfb
Convert 13234312 (base 9) to base 5.
3132040433
What is -1950483 (base 13) in base 15?
-ae2c59
What is -2522856 (base 11) in base 14?
-8209b8
-9551 (base 12) to base 13
-7585
Convert -c719a6 (base 13) to base 10.
-4659297
50440645 (base 7) to base 16
40023a
Convert -1000001011110010000 (base 2) to base 9.
-447773
-2960c0 (base 13) to base 9
-1813475
Convert 2b5a8b (base 12) to base 14.
1522b9
-2b7990 (base 14) to base 15
-200282
Convert -21636 (base 10) to base 7.
-120036
What is -10011212010201 (base 3) in base 16?
-19c942
-1040052 (base 7) to base 9
-213543
What is -40222224 (base 5) in base 10?
-320314
What is -18b0033 (base 12) in base 10?
-5204775
2226166 (base 13) to base 9
21622624
141215664 (base 7) to base 5
4324332232
What is -2320322303 (base 5) in base 10?
-5245328
52653 (base 7) to base 8
31337
2c9cc (base 14) to base 3
12200020012
19618 (base 10) to base 2
100110010100010
-4b696 (base 14) to bas